Last updated on 2025-05-22 04:50:02 CEST.
Flavor | Version | Tinstall | Tcheck | Ttotal | Status | Flags |
---|---|---|---|---|---|---|
r-devel-linux-x86_64-debian-clang | 1.1.0 | 21.85 | 36.90 | 58.75 | NOTE | |
r-devel-linux-x86_64-debian-gcc | 1.1.0 | 18.00 | 29.65 | 47.65 | NOTE | |
r-devel-linux-x86_64-fedora-clang | 1.1.0 | 106.11 | NOTE | |||
r-devel-linux-x86_64-fedora-gcc | 1.1.0 | 125.97 | NOTE | |||
r-devel-windows-x86_64 | 1.1.0 | 33.00 | 101.00 | 134.00 | NOTE | |
r-patched-linux-x86_64 | 1.1.0 | 26.17 | 34.25 | 60.42 | NOTE | |
r-release-linux-x86_64 | 1.1.0 | 25.42 | 34.66 | 60.08 | NOTE | |
r-release-macos-arm64 | 1.1.0 | 48.00 | NOTE | |||
r-release-macos-x86_64 | 1.1.0 | 62.00 | NOTE | |||
r-release-windows-x86_64 | 1.1.0 | 34.00 | 125.00 | 159.00 | NOTE | |
r-oldrel-macos-arm64 | 1.1.0 | 36.00 | NOTE | |||
r-oldrel-macos-x86_64 | 1.1.0 | 53.00 | NOTE | |||
r-oldrel-windows-x86_64 | 1.1.0 | 27.00 | 92.00 | 119.00 | NOTE |
Version: 1.1.0
Check: C++ specification
Result: NOTE
Specified C++11: please drop specification unless essential
Flavors: r-devel-linux-x86_64-debian-clang, r-devel-linux-x86_64-debian-gcc, r-devel-linux-x86_64-fedora-clang, r-devel-linux-x86_64-fedora-gcc, r-devel-windows-x86_64, r-patched-linux-x86_64, r-release-linux-x86_64, r-release-macos-arm64, r-release-macos-x86_64, r-release-windows-x86_64, r-oldrel-macos-arm64, r-oldrel-macos-x86_64, r-oldrel-windows-x86_64