CRAN Package Check Results for Package lba

Last updated on 2025-07-19 04:49:25 CEST.

Flavor Version Tinstall Tcheck Ttotal Status Flags
r-devel-linux-x86_64-debian-clang 2.4.52 10.15 68.90 79.05 NOTE
r-devel-linux-x86_64-debian-gcc 2.4.52 7.90 49.76 57.66 NOTE
r-devel-linux-x86_64-fedora-clang 2.4.52 119.09 OK
r-devel-linux-x86_64-fedora-gcc 2.4.52 114.97 OK
r-devel-windows-x86_64 2.4.52 12.00 83.00 95.00 OK
r-patched-linux-x86_64 2.4.52 10.21 64.12 74.33 OK
r-release-linux-x86_64 2.4.52 10.11 63.13 73.24 OK
r-release-macos-arm64 2.4.52 38.00 OK
r-release-macos-x86_64 2.4.52 58.00 OK
r-release-windows-x86_64 2.4.52 14.00 78.00 92.00 OK
r-oldrel-macos-arm64 2.4.52 34.00 OK
r-oldrel-macos-x86_64 2.4.52 58.00 OK
r-oldrel-windows-x86_64 2.4.52 17.00 93.00 110.00 OK

Check Details

Version: 2.4.52
Check: CRAN incoming feasibility
Result: NOTE Maintainer: ‘Ivan Bezerra Allaman <iballaman@uesc.br>’ No Authors@R field in DESCRIPTION. Please add one, modifying Authors@R: c(person(given = c("Enio", "G."), family = "Jelihovschi", role = "aut", email = "eniojelihovs@gmail.com"), person(given = c("Ivan", "Bezerra"), family = "Allaman", role = c("aut", "cre"), email = "iballaman@uesc.br")) as necessary. Flavors: r-devel-linux-x86_64-debian-clang, r-devel-linux-x86_64-debian-gcc