CRAN Package Check Results for Package leafletZH

Last updated on 2025-07-18 04:49:10 CEST.

Flavor Version Tinstall Tcheck Ttotal Status Flags
r-devel-linux-x86_64-debian-clang 0.1.1 18.35 59.63 77.98 NOTE
r-devel-linux-x86_64-debian-gcc 0.1.1 13.23 45.76 58.99 NOTE
r-devel-linux-x86_64-fedora-clang 0.1.1 130.13 NOTE
r-devel-linux-x86_64-fedora-gcc 0.1.1 136.78 NOTE
r-devel-windows-x86_64 0.1.1 25.00 92.00 117.00 NOTE
r-patched-linux-x86_64 0.1.1 16.94 56.09 73.03 NOTE
r-release-linux-x86_64 0.1.1 15.47 56.21 71.68 NOTE
r-release-macos-arm64 0.1.1 54.00 NOTE
r-release-macos-x86_64 0.1.1 73.00 NOTE
r-release-windows-x86_64 0.1.1 27.00 93.00 120.00 NOTE
r-oldrel-macos-arm64 0.1.1 50.00 OK
r-oldrel-macos-x86_64 0.1.1 72.00 OK
r-oldrel-windows-x86_64 0.1.1 28.00 109.00 137.00 OK

Check Details

Version: 0.1.1
Check: DESCRIPTION meta-information
Result: NOTE Missing dependency on R >= 4.1.0 because package code uses the pipe |> or function shorthand \(...) syntax added in R 4.1.0. File(s) using such syntax: ‘addCityShape.Rd’ ‘addProvinceShape.Rd’ ‘areaCalculator.R’ Flavors: r-devel-linux-x86_64-debian-clang, r-devel-linux-x86_64-debian-gcc, r-devel-linux-x86_64-fedora-clang, r-devel-linux-x86_64-fedora-gcc, r-devel-windows-x86_64, r-patched-linux-x86_64, r-release-linux-x86_64, r-release-macos-arm64, r-release-macos-x86_64, r-release-windows-x86_64