Last updated on 2025-07-17 04:54:43 CEST.
Flavor | Version | Tinstall | Tcheck | Ttotal | Status | Flags |
---|---|---|---|---|---|---|
r-devel-linux-x86_64-debian-clang | 6.5.0 | 1239.11 | 203.37 | 1442.48 | OK | |
r-devel-linux-x86_64-debian-gcc | 6.5.0 | 586.82 | 137.82 | 724.64 | OK | |
r-devel-linux-x86_64-fedora-clang | 6.5.0 | 1544.19 | OK | |||
r-devel-linux-x86_64-fedora-gcc | 6.5.0 | 1797.72 | OK | |||
r-devel-windows-x86_64 | 6.5.0 | 605.00 | 269.00 | 874.00 | OK | |
r-patched-linux-x86_64 | 6.5.0 | 815.60 | 189.94 | 1005.54 | OK | |
r-release-linux-x86_64 | 6.5.0 | 813.87 | 191.22 | 1005.09 | OK | |
r-release-macos-arm64 | 6.5.0 | 341.00 | OK | |||
r-release-macos-x86_64 | 6.5.0 | 507.00 | OK | |||
r-release-windows-x86_64 | 6.5.0 | 619.00 | 275.00 | 894.00 | OK | |
r-oldrel-macos-arm64 | 6.5.0 | 416.00 | NOTE | |||
r-oldrel-macos-x86_64 | 6.5.0 | 569.00 | NOTE | |||
r-oldrel-windows-x86_64 | 6.5.0 | 1001.00 | 347.00 | 1348.00 | NOTE |
Version: 6.5.0
Check: installed package size
Result: NOTE
installed size is 74.7Mb
sub-directories of 1Mb or more:
doc 2.5Mb
libs 70.2Mb
Flavors: r-oldrel-macos-arm64, r-oldrel-macos-x86_64, r-oldrel-windows-x86_64