CRAN Package Check Results for Package librarysnapshot

Last updated on 2025-07-17 04:54:43 CEST.

Flavor Version Tinstall Tcheck Ttotal Status Flags
r-devel-linux-x86_64-debian-clang 0.1.2 1.48 19.20 20.68 OK
r-devel-linux-x86_64-debian-gcc 0.1.2 1.44 16.04 17.48 OK
r-devel-linux-x86_64-fedora-clang 0.1.2 31.46 OK
r-devel-linux-x86_64-fedora-gcc 0.1.2 54.04 OK
r-devel-windows-x86_64 0.1.2 2.00 39.00 41.00 OK
r-patched-linux-x86_64 0.1.2 1.53 17.36 18.89 OK
r-release-linux-x86_64 0.1.2 1.44 17.04 18.48 OK
r-release-macos-arm64 0.1.2 35.00 OK
r-release-macos-x86_64 0.1.2 118.00 OK
r-release-windows-x86_64 0.1.2 2.00 38.00 40.00 OK
r-oldrel-macos-arm64 0.1.2 43.00 NOTE
r-oldrel-macos-x86_64 0.1.2 50.00 NOTE
r-oldrel-windows-x86_64 0.1.2 3.00 42.00 45.00 NOTE

Check Details

Version: 0.1.2
Check: LazyData
Result: NOTE 'LazyData' is specified without a 'data' directory Flavors: r-oldrel-macos-arm64, r-oldrel-macos-x86_64, r-oldrel-windows-x86_64