Last updated on 2025-05-23 04:51:12 CEST.
Flavor | Version | Tinstall | Tcheck | Ttotal | Status | Flags |
---|---|---|---|---|---|---|
r-devel-linux-x86_64-debian-clang | 1.0.5 | 14.26 | 26.12 | 40.38 | OK | |
r-devel-linux-x86_64-debian-gcc | 1.0.5 | 9.87 | 21.26 | 31.13 | OK | |
r-devel-linux-x86_64-fedora-clang | 1.0.5 | 67.78 | OK | |||
r-devel-linux-x86_64-fedora-gcc | 1.0.5 | 70.00 | OK | |||
r-devel-windows-x86_64 | 1.0.5 | 24.00 | 132.00 | 156.00 | OK | |
r-patched-linux-x86_64 | 1.0.5 | 12.93 | 25.35 | 38.28 | OK | |
r-release-linux-x86_64 | 1.0.5 | 13.28 | 25.43 | 38.71 | OK | |
r-release-macos-arm64 | 1.0.5 | 30.00 | OK | |||
r-release-macos-x86_64 | 1.0.5 | 38.00 | OK | |||
r-release-windows-x86_64 | 1.0.5 | 26.00 | 120.00 | 146.00 | OK | |
r-oldrel-macos-arm64 | 1.0.5 | 27.00 | OK | |||
r-oldrel-macos-x86_64 | 1.0.5 | 42.00 | NOTE | |||
r-oldrel-windows-x86_64 | 1.0.4 | 20.00 | 85.00 | 105.00 | OK |
Version: 1.0.5
Check: installed package size
Result: NOTE
installed size is 5.1Mb
sub-directories of 1Mb or more:
libs 4.9Mb
Flavor: r-oldrel-macos-x86_64