Last updated on 2025-05-23 04:51:12 CEST.
Flavor | Version | Tinstall | Tcheck | Ttotal | Status | Flags |
---|---|---|---|---|---|---|
r-devel-linux-x86_64-debian-clang | 4.6.0 | 437.52 | 143.02 | 580.54 | OK | |
r-devel-linux-x86_64-debian-gcc | 4.6.0 | 376.15 | 101.66 | 477.81 | OK | |
r-devel-linux-x86_64-fedora-clang | 4.6.0 | 1163.71 | OK | |||
r-devel-linux-x86_64-fedora-gcc | 4.6.0 | 1430.39 | OK | |||
r-devel-windows-x86_64 | 4.6.0 | 546.00 | 191.00 | 737.00 | OK | |
r-patched-linux-x86_64 | 4.6.0 | 526.07 | 153.17 | 679.24 | OK | |
r-release-linux-x86_64 | 4.6.0 | 531.36 | 162.27 | 693.63 | OK | |
r-release-macos-arm64 | 4.6.0 | 349.00 | OK | |||
r-release-macos-x86_64 | 4.6.0 | 410.00 | OK | |||
r-release-windows-x86_64 | 4.6.0 | 548.00 | 230.00 | 778.00 | OK | |
r-oldrel-macos-arm64 | 4.6.0 | 321.00 | NOTE | |||
r-oldrel-macos-x86_64 | 4.6.0 | 340.00 | NOTE | |||
r-oldrel-windows-x86_64 | 4.6.0 | 646.00 | 235.00 | 881.00 | NOTE |
Version: 4.6.0
Check: installed package size
Result: NOTE
installed size is 68.8Mb
sub-directories of 1Mb or more:
libs 68.2Mb
Flavors: r-oldrel-macos-arm64, r-oldrel-macos-x86_64, r-oldrel-windows-x86_64