CRAN Package Check Results for Package likelihoodExplore

Last updated on 2025-07-18 04:49:10 CEST.

Flavor Version Tinstall Tcheck Ttotal Status Flags
r-devel-linux-x86_64-debian-clang 0.1.0 2.87 26.27 29.14 OK
r-devel-linux-x86_64-debian-gcc 0.1.0 2.38 21.12 23.50 OK
r-devel-linux-x86_64-fedora-clang 0.1.0 45.27 OK
r-devel-linux-x86_64-fedora-gcc 0.1.0 42.68 OK
r-devel-windows-x86_64 0.1.0 4.00 48.00 52.00 OK
r-patched-linux-x86_64 0.1.0 3.36 25.21 28.57 OK
r-release-linux-x86_64 0.1.0 3.03 25.25 28.28 OK
r-release-macos-arm64 0.1.0 15.00 OK
r-release-macos-x86_64 0.1.0 33.00 OK
r-release-windows-x86_64 0.1.0 4.00 49.00 53.00 OK
r-oldrel-macos-arm64 0.1.0 18.00 NOTE
r-oldrel-macos-x86_64 0.1.0 25.00 NOTE
r-oldrel-windows-x86_64 0.1.0 5.00 56.00 61.00 NOTE

Check Details

Version: 0.1.0
Check: LazyData
Result: NOTE 'LazyData' is specified without a 'data' directory Flavors: r-oldrel-macos-arm64, r-oldrel-macos-x86_64, r-oldrel-windows-x86_64