Last updated on 2025-05-23 04:51:12 CEST.
Flavor | Version | Tinstall | Tcheck | Ttotal | Status | Flags |
---|---|---|---|---|---|---|
r-devel-linux-x86_64-debian-clang | 2.0.1 | 2.26 | 22.57 | 24.83 | NOTE | |
r-devel-linux-x86_64-debian-gcc | 2.0.1 | 2.05 | 18.04 | 20.09 | NOTE | |
r-devel-linux-x86_64-fedora-clang | 2.0.1 | 41.02 | OK | |||
r-devel-linux-x86_64-fedora-gcc | 2.0.1 | 37.78 | OK | |||
r-devel-windows-x86_64 | 2.0.1 | 3.00 | 94.00 | 97.00 | OK | |
r-patched-linux-x86_64 | 2.0.1 | 3.00 | 21.84 | 24.84 | OK | |
r-release-linux-x86_64 | 2.0.1 | 2.32 | 21.68 | 24.00 | OK | |
r-release-macos-arm64 | 2.0.1 | 20.00 | OK | |||
r-release-macos-x86_64 | 2.0.1 | 35.00 | OK | |||
r-release-windows-x86_64 | 2.0.1 | 5.00 | 69.00 | 74.00 | OK | |
r-oldrel-macos-arm64 | 2.0.1 | 16.00 | OK | |||
r-oldrel-macos-x86_64 | 2.0.1 | 23.00 | OK | |||
r-oldrel-windows-x86_64 | 2.0.1 | 3.00 | 48.00 | 51.00 | OK |
Version: 2.0.1
Check: CRAN incoming feasibility
Result: NOTE
Maintainer: ‘Mauro Sereno <mauro.sereno@unibo.it>’
No Authors@R field in DESCRIPTION.
Please add one, modifying
Authors@R: person(given = "Mauro",
family = "Sereno",
role = c("aut", "cre"),
email = "mauro.sereno@unibo.it")
as necessary.
Flavors: r-devel-linux-x86_64-debian-clang, r-devel-linux-x86_64-debian-gcc