Last updated on 2025-07-19 04:49:26 CEST.
Flavor | Version | Tinstall | Tcheck | Ttotal | Status | Flags |
---|---|---|---|---|---|---|
r-devel-linux-x86_64-debian-clang | 0.3.8 | 51.29 | 478.68 | 529.97 | OK | |
r-devel-linux-x86_64-debian-gcc | 0.3.8 | 34.01 | 350.89 | 384.90 | OK | |
r-devel-linux-x86_64-fedora-clang | 0.3.8 | 823.33 | OK | |||
r-devel-linux-x86_64-fedora-gcc | 0.3.8 | 785.38 | OK | |||
r-devel-windows-x86_64 | 0.3.8 | 52.00 | 390.00 | 442.00 | OK | |
r-patched-linux-x86_64 | 0.3.8 | 51.64 | 456.64 | 508.28 | OK | |
r-release-linux-x86_64 | 0.3.8 | 52.02 | 454.84 | 506.86 | OK | |
r-release-macos-arm64 | 0.3.8 | 197.00 | OK | |||
r-release-macos-x86_64 | 0.3.8 | 369.00 | OK | |||
r-release-windows-x86_64 | 0.3.8 | 50.00 | 394.00 | 444.00 | OK | |
r-oldrel-macos-arm64 | 0.3.8 | 199.00 | NOTE | |||
r-oldrel-macos-x86_64 | 0.3.8 | 367.00 | NOTE | |||
r-oldrel-windows-x86_64 | 0.3.8 | 68.00 | 510.00 | 578.00 | OK |
Version: 0.3.8
Check: package dependencies
Result: NOTE
Package suggested but not available for checking: ‘EnsDb.Hsapiens.v75’
Flavors: r-oldrel-macos-arm64, r-oldrel-macos-x86_64