CRAN Package Check Results for Package logitFD

Last updated on 2025-07-19 04:49:26 CEST.

Flavor Version Tinstall Tcheck Ttotal Status Flags
r-devel-linux-x86_64-debian-clang 1.0 7.19 70.82 78.01 NOTE
r-devel-linux-x86_64-debian-gcc 1.0 6.26 54.40 60.66 NOTE
r-devel-linux-x86_64-fedora-clang 1.0 122.33 OK
r-devel-linux-x86_64-fedora-gcc 1.0 118.35 OK
r-devel-windows-x86_64 1.0 9.00 82.00 91.00 OK
r-patched-linux-x86_64 1.0 8.62 67.83 76.45 OK
r-release-linux-x86_64 1.0 8.47 68.09 76.56 OK
r-release-macos-arm64 1.0 38.00 OK
r-release-macos-x86_64 1.0 66.00 OK
r-release-windows-x86_64 1.0 10.00 83.00 93.00 OK
r-oldrel-macos-arm64 1.0 38.00 OK
r-oldrel-macos-x86_64 1.0 84.00 OK
r-oldrel-windows-x86_64 1.0 12.00 98.00 110.00 OK

Check Details

Version: 1.0
Check: CRAN incoming feasibility
Result: NOTE Maintainer: ‘Manuel Escabias <escabias@ugr.es>’ No Authors@R field in DESCRIPTION. Please add one, modifying Authors@R: c(person(given = c("Carmen", "Lucia", "Reina", "Ana", "Maria", "Aguilera"), family = "<aaguiler@ugr.es>", role = "aut", email = "aaguiler@ugr.es"), person(given = "Manuel", family = "Escabias", role = c("aut", "cre"), email = "escabias@ugr.es")) as necessary. Flavors: r-devel-linux-x86_64-debian-clang, r-devel-linux-x86_64-debian-gcc