Last updated on 2025-10-31 03:50:10 CET.
| Flavor | Version | Tinstall | Tcheck | Ttotal | Status | Flags | 
|---|---|---|---|---|---|---|
| r-devel-linux-x86_64-debian-clang | 2.1 | 1.87 | 22.72 | 24.59 | NOTE | |
| r-devel-linux-x86_64-debian-gcc | 2.1 | 1.48 | 17.84 | 19.32 | NOTE | |
| r-devel-linux-x86_64-fedora-clang | 2.1 | 35.31 | OK | |||
| r-devel-linux-x86_64-fedora-gcc | 2.1 | 33.80 | OK | |||
| r-devel-windows-x86_64 | 2.1 | 3.00 | 55.00 | 58.00 | OK | |
| r-patched-linux-x86_64 | 2.1 | 1.89 | 21.08 | 22.97 | OK | |
| r-release-linux-x86_64 | 2.1 | 1.60 | 21.11 | 22.71 | OK | |
| r-release-macos-arm64 | 2.1 | 1.00 | 16.00 | 17.00 | OK | |
| r-release-macos-x86_64 | 2.1 | 2.00 | 23.00 | 25.00 | OK | |
| r-release-windows-x86_64 | 2.1 | 3.00 | 54.00 | 57.00 | OK | |
| r-oldrel-macos-arm64 | 2.1 | 1.00 | 15.00 | 16.00 | OK | |
| r-oldrel-macos-x86_64 | 2.1 | 2.00 | 21.00 | 23.00 | OK | |
| r-oldrel-windows-x86_64 | 2.1 | 3.00 | 45.00 | 48.00 | OK | 
Version: 2.1
Check: CRAN incoming feasibility
Result: NOTE
  Maintainer: ‘Feng Chen <feng.chen@unsw.edu.au>’
  
  No Authors@R field in DESCRIPTION.
  Please add one, modifying
    Authors@R: person(given = "Feng",
                      family = "Chen",
                      role = c("aut", "cre"),
                      email = "feng.chen@unsw.edu.au")
  as necessary.
  
  Package CITATION file contains call(s) to old-style citEntry().  Please
  use bibentry() instead.
Flavors: r-devel-linux-x86_64-debian-clang, r-devel-linux-x86_64-debian-gcc