Last updated on 2025-07-17 04:54:43 CEST.
Flavor | Version | Tinstall | Tcheck | Ttotal | Status | Flags |
---|---|---|---|---|---|---|
r-devel-linux-x86_64-debian-clang | 0.2.15 | 461.23 | 251.94 | 713.17 | OK | |
r-devel-linux-x86_64-debian-gcc | 0.2.15 | 266.98 | 170.61 | 437.59 | OK | |
r-devel-linux-x86_64-fedora-clang | 0.2.15 | 968.63 | OK | |||
r-devel-linux-x86_64-fedora-gcc | 0.2.15 | 1129.71 | OK | |||
r-devel-windows-x86_64 | 0.2.15 | 277.00 | 379.00 | 656.00 | OK | |
r-patched-linux-x86_64 | 0.2.15 | 390.05 | 238.98 | 629.03 | OK | |
r-release-linux-x86_64 | 0.2.14 | 386.58 | 235.37 | 621.95 | OK | |
r-release-macos-arm64 | 0.2.14 | 252.00 | OK | |||
r-release-macos-x86_64 | 0.2.15 | 317.00 | OK | |||
r-release-windows-x86_64 | 0.2.15 | 245.00 | 374.00 | 619.00 | OK | |
r-oldrel-macos-arm64 | 0.2.14 | 279.00 | NOTE | |||
r-oldrel-macos-x86_64 | 0.2.15 | 311.00 | NOTE | |||
r-oldrel-windows-x86_64 | 0.2.15 | 274.00 | 448.00 | 722.00 | NOTE |
Version: 0.2.14
Check: installed package size
Result: NOTE
installed size is 92.4Mb
sub-directories of 1Mb or more:
help 1.0Mb
libs 90.1Mb
Flavor: r-oldrel-macos-arm64
Version: 0.2.15
Check: installed package size
Result: NOTE
installed size is 64.0Mb
sub-directories of 1Mb or more:
help 1.1Mb
libs 61.7Mb
Flavors: r-oldrel-macos-x86_64, r-oldrel-windows-x86_64