Last updated on 2025-07-17 04:54:43 CEST.
Flavor | Version | Tinstall | Tcheck | Ttotal | Status | Flags |
---|---|---|---|---|---|---|
r-devel-linux-x86_64-debian-clang | 0.2.2 | 6.00 | 47.80 | 53.80 | OK | |
r-devel-linux-x86_64-debian-gcc | 0.2.2 | 4.89 | 36.34 | 41.23 | OK | |
r-devel-linux-x86_64-fedora-clang | 0.2.2 | 83.04 | NOTE | |||
r-devel-linux-x86_64-fedora-gcc | 0.2.2 | 93.09 | NOTE | |||
r-devel-windows-x86_64 | 0.2.2 | 8.00 | 70.00 | 78.00 | OK | |
r-patched-linux-x86_64 | 0.2.2 | 5.64 | 42.58 | 48.22 | OK | |
r-release-linux-x86_64 | 0.2.2 | 7.05 | 42.94 | 49.99 | OK | |
r-release-macos-arm64 | 0.2.2 | 45.00 | OK | |||
r-release-macos-x86_64 | 0.2.2 | 59.00 | OK | |||
r-release-windows-x86_64 | 0.2.2 | 9.00 | 70.00 | 79.00 | OK | |
r-oldrel-macos-arm64 | 0.2.2 | 44.00 | OK | |||
r-oldrel-macos-x86_64 | 0.2.2 | 71.00 | OK | |||
r-oldrel-windows-x86_64 | 0.2.2 | 11.00 | 79.00 | 90.00 | OK |
Version: 0.2.2
Check: dependencies in R code
Result: NOTE
Namespaces in Imports field not imported from:
‘cli’ ‘nomnoml’
All declared Imports should be used.
Flavors: r-devel-linux-x86_64-fedora-clang, r-devel-linux-x86_64-fedora-gcc