CRAN Package Check Results for Package manhattanly

Last updated on 2025-05-23 04:51:12 CEST.

Flavor Version Tinstall Tcheck Ttotal Status Flags
r-devel-linux-x86_64-debian-clang 0.3.0 2.64 32.70 35.34 NOTE
r-devel-linux-x86_64-debian-gcc 0.3.0 2.29 25.65 27.94 NOTE
r-devel-linux-x86_64-fedora-clang 0.3.0 56.32 NOTE
r-devel-linux-x86_64-fedora-gcc 0.3.0 67.17 NOTE
r-devel-windows-x86_64 0.3.0 4.00 67.00 71.00 NOTE
r-patched-linux-x86_64 0.3.0 3.05 30.65 33.70 NOTE
r-release-linux-x86_64 0.3.0 1.81 30.38 32.19 NOTE
r-release-macos-arm64 0.3.0 29.00 OK
r-release-macos-x86_64 0.3.0 50.00 OK
r-release-windows-x86_64 0.3.0 5.00 62.00 67.00 NOTE
r-oldrel-macos-arm64 0.3.0 28.00 OK
r-oldrel-macos-x86_64 0.3.0 43.00 OK
r-oldrel-windows-x86_64 0.3.0 5.00 63.00 68.00 OK

Check Details

Version: 0.3.0
Check: Rd cross-references
Result: NOTE Found the following Rd file(s) with Rd \link{} targets missing package anchors: manhattanly.Rd: plotly volcanoly.Rd: plotly Please provide package anchors for all Rd \link{} targets not in the package itself and the base packages. Flavors: r-devel-linux-x86_64-debian-clang, r-devel-linux-x86_64-debian-gcc, r-devel-windows-x86_64, r-patched-linux-x86_64, r-release-linux-x86_64, r-release-windows-x86_64

Version: 0.3.0
Check: dependencies in R code
Result: NOTE Namespace in Imports field not imported from: ‘ggplot2’ All declared Imports should be used. Flavors: r-devel-linux-x86_64-fedora-clang, r-devel-linux-x86_64-fedora-gcc