CRAN Package Check Results for Package manifestoR

Last updated on 2025-07-17 04:54:43 CEST.

Flavor Version Tinstall Tcheck Ttotal Status Flags
r-devel-linux-x86_64-debian-clang 1.6.0 8.44 65.21 73.65 NOTE
r-devel-linux-x86_64-debian-gcc 1.6.0 5.81 47.49 53.30 NOTE
r-devel-linux-x86_64-fedora-clang 1.6.0 118.09 OK
r-devel-linux-x86_64-fedora-gcc 1.6.0 123.43 OK
r-devel-windows-x86_64 1.6.0 12.00 84.00 96.00 NOTE
r-patched-linux-x86_64 1.6.0 10.20 61.16 71.36 NOTE
r-release-linux-x86_64 1.6.0 7.54 60.58 68.12 NOTE
r-release-macos-arm64 1.6.0 38.00 OK
r-release-macos-x86_64 1.6.0 74.00 OK
r-release-windows-x86_64 1.6.0 12.00 85.00 97.00 NOTE
r-oldrel-macos-arm64 1.6.0 64.00 OK
r-oldrel-macos-x86_64 1.6.0 72.00 OK
r-oldrel-windows-x86_64 1.6.0 16.00 94.00 110.00 OK

Check Details

Version: 1.6.0
Check: Rd cross-references
Result: NOTE Found the following Rd file(s) with Rd \link{} targets missing package anchors: mp_interpolate.Rd: na.approx Please provide package anchors for all Rd \link{} targets not in the package itself and the base packages. Flavors: r-devel-linux-x86_64-debian-clang, r-devel-linux-x86_64-debian-gcc, r-devel-windows-x86_64, r-patched-linux-x86_64, r-release-linux-x86_64, r-release-windows-x86_64