Last updated on 2025-05-23 04:51:12 CEST.
Flavor | Version | Tinstall | Tcheck | Ttotal | Status | Flags |
---|---|---|---|---|---|---|
r-devel-linux-x86_64-debian-clang | 0.1.1 | 40.42 | 67.70 | 108.12 | NOTE | |
r-devel-linux-x86_64-debian-gcc | 0.1.1 | 29.41 | 49.94 | 79.35 | NOTE | |
r-devel-linux-x86_64-fedora-clang | 0.1.1 | 185.91 | NOTE | |||
r-devel-linux-x86_64-fedora-gcc | 0.1.1 | 192.77 | NOTE | |||
r-devel-windows-x86_64 | 0.1.1 | 48.00 | 100.00 | 148.00 | NOTE | |
r-patched-linux-x86_64 | 0.1.1 | 45.17 | 64.17 | 109.34 | NOTE | |
r-release-linux-x86_64 | 0.1.1 | 40.69 | 64.81 | 105.50 | NOTE | |
r-release-macos-arm64 | 0.1.1 | 65.00 | NOTE | |||
r-release-macos-x86_64 | 0.1.1 | 102.00 | NOTE | |||
r-release-windows-x86_64 | 0.1.1 | 48.00 | 148.00 | 196.00 | NOTE | |
r-oldrel-macos-arm64 | 0.1.1 | 48.00 | NOTE | |||
r-oldrel-macos-x86_64 | 0.1.1 | 73.00 | NOTE | |||
r-oldrel-windows-x86_64 | 0.1.1 | 55.00 | 118.00 | 173.00 | NOTE |
Version: 0.1.1
Check: C++ specification
Result: NOTE
Specified C++11: please drop specification unless essential
Flavors: r-devel-linux-x86_64-debian-clang, r-devel-linux-x86_64-debian-gcc, r-devel-linux-x86_64-fedora-clang, r-devel-linux-x86_64-fedora-gcc, r-devel-windows-x86_64, r-patched-linux-x86_64, r-release-linux-x86_64, r-release-macos-arm64, r-release-macos-x86_64, r-release-windows-x86_64, r-oldrel-macos-arm64, r-oldrel-macos-x86_64, r-oldrel-windows-x86_64