CRAN Package Check Results for Package mapcan

Last updated on 2025-07-17 04:54:43 CEST.

Flavor Version Tinstall Tcheck Ttotal Status Flags
r-devel-linux-x86_64-debian-clang 0.0.1 4.58 30.03 34.61 OK
r-devel-linux-x86_64-debian-gcc 0.0.1 3.39 24.36 27.75 OK
r-devel-linux-x86_64-fedora-clang 0.0.1 53.12 NOTE
r-devel-linux-x86_64-fedora-gcc 0.0.1 86.13 NOTE
r-devel-windows-x86_64 0.0.1 13.00 58.00 71.00 OK
r-patched-linux-x86_64 0.0.1 4.79 27.43 32.22 OK
r-release-linux-x86_64 0.0.1 4.68 27.53 32.21 OK
r-release-macos-arm64 0.0.1 43.00 OK
r-release-macos-x86_64 0.0.1 77.00 OK
r-release-windows-x86_64 0.0.1 13.00 55.00 68.00 OK
r-oldrel-macos-arm64 0.0.1 33.00 OK
r-oldrel-macos-x86_64 0.0.1 65.00 OK
r-oldrel-windows-x86_64 0.0.1 15.00 63.00 78.00 OK

Check Details

Version: 0.0.1
Check: dependencies in R code
Result: NOTE Namespace in Imports field not imported from: ‘dplyr’ All declared Imports should be used. Flavors: r-devel-linux-x86_64-fedora-clang, r-devel-linux-x86_64-fedora-gcc