Last updated on 2025-05-23 04:51:13 CEST.
Flavor | Version | Tinstall | Tcheck | Ttotal | Status | Flags |
---|---|---|---|---|---|---|
r-devel-linux-x86_64-debian-clang | 0.4.0 | 19.05 | 152.35 | 171.40 | NOTE | |
r-devel-linux-x86_64-debian-gcc | 0.4.0 | 11.27 | 105.86 | 117.13 | NOTE | |
r-devel-linux-x86_64-fedora-clang | 0.4.0 | 273.69 | NOTE | |||
r-devel-linux-x86_64-fedora-gcc | 0.4.0 | 275.37 | NOTE | |||
r-devel-windows-x86_64 | 0.4.0 | 26.00 | 193.00 | 219.00 | NOTE | |
r-patched-linux-x86_64 | 0.4.0 | 18.44 | 146.36 | 164.80 | NOTE | |
r-release-linux-x86_64 | 0.4.0 | 18.33 | 143.68 | 162.01 | NOTE | |
r-release-macos-arm64 | 0.4.0 | 71.00 | NOTE | |||
r-release-macos-x86_64 | 0.4.0 | 157.00 | OK | |||
r-release-windows-x86_64 | 0.4.0 | 28.00 | 199.00 | 227.00 | NOTE | |
r-oldrel-macos-arm64 | 0.4.0 | 100.00 | OK | |||
r-oldrel-macos-x86_64 | 0.4.0 | 165.00 | OK | |||
r-oldrel-windows-x86_64 | 0.4.0 | 30.00 | 207.00 | 237.00 | OK |
Version: 0.4.0
Check: DESCRIPTION meta-information
Result: NOTE
Missing dependency on R >= 4.1.0 because package code uses the pipe
|> or function shorthand \(...) syntax added in R 4.1.0.
File(s) using such syntax:
‘column_group_by_drop_default.Rd’ ‘context.Rd’ ‘filter_column.Rd’
‘filter_row.Rd’ ‘join.Rd’ ‘row_group_by_drop_default.Rd’
Flavors: r-devel-linux-x86_64-debian-clang, r-devel-linux-x86_64-debian-gcc, r-devel-linux-x86_64-fedora-clang, r-devel-linux-x86_64-fedora-gcc, r-devel-windows-x86_64, r-patched-linux-x86_64, r-release-linux-x86_64, r-release-macos-arm64, r-release-windows-x86_64