Last updated on 2025-07-19 04:49:27 CEST.
Flavor | Version | Tinstall | Tcheck | Ttotal | Status | Flags |
---|---|---|---|---|---|---|
r-devel-linux-x86_64-debian-clang | 0.1.2 | 5.31 | 60.35 | 65.66 | OK | |
r-devel-linux-x86_64-debian-gcc | 0.1.2 | 3.28 | 45.21 | 48.49 | OK | |
r-devel-linux-x86_64-fedora-clang | 0.1.2 | 100.93 | OK | |||
r-devel-linux-x86_64-fedora-gcc | 0.1.2 | 94.54 | OK | |||
r-devel-windows-x86_64 | 0.1.2 | 8.00 | 80.00 | 88.00 | OK | |
r-patched-linux-x86_64 | 0.1.2 | 5.45 | 56.24 | 61.69 | OK | |
r-release-linux-x86_64 | 0.1.2 | 5.24 | 56.64 | 61.88 | OK | |
r-release-macos-arm64 | 0.1.2 | 28.00 | OK | |||
r-release-macos-x86_64 | 0.1.2 | 57.00 | OK | |||
r-release-windows-x86_64 | 0.1.2 | 6.00 | 79.00 | 85.00 | OK | |
r-oldrel-macos-arm64 | 0.1.2 | 31.00 | NOTE | |||
r-oldrel-macos-x86_64 | 0.1.2 | 45.00 | NOTE | |||
r-oldrel-windows-x86_64 | 0.1.2 | 9.00 | 93.00 | 102.00 | NOTE |
Version: 0.1.2
Check: LazyData
Result: NOTE
'LazyData' is specified without a 'data' directory
Flavors: r-oldrel-macos-arm64, r-oldrel-macos-x86_64, r-oldrel-windows-x86_64