CRAN Package Check Results for Package mediationsens

Last updated on 2025-07-17 04:54:44 CEST.

Flavor Version Tinstall Tcheck Ttotal Status Flags
r-devel-linux-x86_64-debian-clang 0.0.3 19.49 129.97 149.46 NOTE
r-devel-linux-x86_64-debian-gcc 0.0.3 12.98 90.87 103.85 NOTE
r-devel-linux-x86_64-fedora-clang 0.0.3 247.75 OK
r-devel-linux-x86_64-fedora-gcc 0.0.3 219.01 OK
r-devel-windows-x86_64 0.0.3 18.00 116.00 134.00 OK
r-patched-linux-x86_64 0.0.3 18.33 120.38 138.71 OK
r-release-linux-x86_64 0.0.3 18.23 120.13 138.36 OK
r-release-macos-arm64 0.0.3 67.00 OK
r-release-macos-x86_64 0.0.3 105.00 OK
r-release-windows-x86_64 0.0.3 18.00 123.00 141.00 OK
r-oldrel-macos-arm64 0.0.3 59.00 OK
r-oldrel-macos-x86_64 0.0.3 107.00 OK
r-oldrel-windows-x86_64 0.0.3 26.00 157.00 183.00 OK

Check Details

Version: 0.0.3
Check: CRAN incoming feasibility
Result: NOTE Maintainer: ‘Xu Qin <xuqin@pitt.edu>’ No Authors@R field in DESCRIPTION. Please add one, modifying Authors@R: c(person(given = "Xu", family = "Qin", role = c("aut", "cre"), email = "xuqin@pitt.edu"), person(given = "Fan", family = "Yang", role = "aut")) as necessary. Flavors: r-devel-linux-x86_64-debian-clang, r-devel-linux-x86_64-debian-gcc