CRAN Package Check Results for Package meifly

Last updated on 2025-07-18 04:49:12 CEST.

Flavor Version Tinstall Tcheck Ttotal Status Flags
r-devel-linux-x86_64-debian-clang 0.3.1 2.35 23.67 26.02 NOTE
r-devel-linux-x86_64-debian-gcc 0.3.1 1.85 19.54 21.39 NOTE
r-devel-linux-x86_64-fedora-clang 0.3.1 42.60 OK
r-devel-linux-x86_64-fedora-gcc 0.3.1 38.99 OK
r-devel-windows-x86_64 0.3.1 3.00 45.00 48.00 OK
r-patched-linux-x86_64 0.3.1 1.89 22.92 24.81 OK
r-release-linux-x86_64 0.3.1 2.24 22.78 25.02 OK
r-release-macos-arm64 0.3.1 28.00 OK
r-release-macos-x86_64 0.3.1 28.00 OK
r-release-windows-x86_64 0.3.1 3.00 46.00 49.00 OK
r-oldrel-macos-arm64 0.3.1 16.00 OK
r-oldrel-macos-x86_64 0.3.1 23.00 OK
r-oldrel-windows-x86_64 0.3.1 4.00 51.00 55.00 OK

Check Details

Version: 0.3.1
Check: CRAN incoming feasibility
Result: NOTE Maintainer: ‘Hadley Wickham <h.wickham@gmail.com>’ No Authors@R field in DESCRIPTION. Please add one, modifying Authors@R: person(given = "Hadley", family = "Wickham", role = c("aut", "cre"), email = "h.wickham@gmail.com") as necessary. Flavors: r-devel-linux-x86_64-debian-clang, r-devel-linux-x86_64-debian-gcc