CRAN Package Check Results for Package metaheuristicOpt

Last updated on 2025-07-19 04:49:27 CEST.

Flavor Version Tinstall Tcheck Ttotal Status Flags
r-devel-linux-x86_64-debian-clang 2.0.0 4.94 52.56 57.50 OK
r-devel-linux-x86_64-debian-gcc 2.0.0 2.91 34.28 37.19 OK
r-devel-linux-x86_64-fedora-clang 2.0.0 90.58 OK
r-devel-linux-x86_64-fedora-gcc 2.0.0 85.22 OK
r-devel-windows-x86_64 2.0.0 6.00 63.00 69.00 OK
r-patched-linux-x86_64 2.0.0 5.15 47.80 52.95 OK
r-release-linux-x86_64 2.0.0 4.55 49.10 53.65 OK
r-release-macos-arm64 2.0.0 22.00 OK
r-release-macos-x86_64 2.0.0 45.00 OK
r-release-windows-x86_64 2.0.0 8.00 66.00 74.00 OK
r-oldrel-macos-arm64 2.0.0 23.00 NOTE
r-oldrel-macos-x86_64 2.0.0 37.00 NOTE
r-oldrel-windows-x86_64 2.0.0 6.00 60.00 66.00 NOTE

Check Details

Version: 2.0.0
Check: LazyData
Result: NOTE 'LazyData' is specified without a 'data' directory Flavors: r-oldrel-macos-arm64, r-oldrel-macos-x86_64, r-oldrel-windows-x86_64