CRAN Package Check Results for Package metapower

Last updated on 2025-07-17 04:54:44 CEST.

Flavor Version Tinstall Tcheck Ttotal Status Flags
r-devel-linux-x86_64-debian-clang 0.2.2 5.73 80.92 86.65 NOTE
r-devel-linux-x86_64-debian-gcc 0.2.2 4.56 57.98 62.54 NOTE
r-devel-linux-x86_64-fedora-clang 0.2.2 128.36 OK
r-devel-linux-x86_64-fedora-gcc 0.2.2 133.11 OK
r-devel-windows-x86_64 0.2.2 9.00 78.00 87.00 OK
r-patched-linux-x86_64 0.2.2 4.15 75.55 79.70 OK
r-release-linux-x86_64 0.2.2 6.46 74.75 81.21 OK
r-release-macos-arm64 0.2.2 38.00 OK
r-release-macos-x86_64 0.2.2 74.00 OK
r-release-windows-x86_64 0.2.2 9.00 78.00 87.00 OK
r-oldrel-macos-arm64 0.2.2 39.00 NOTE
r-oldrel-macos-x86_64 0.2.2 65.00 NOTE
r-oldrel-windows-x86_64 0.2.2 10.00 96.00 106.00 NOTE

Check Details

Version: 0.2.2
Check: CRAN incoming feasibility
Result: NOTE Maintainer: ‘Jason Griffin <jasongriffin138@gmail.com>’ Package CITATION file contains call(s) to old-style citEntry(). Please use bibentry() instead. Flavors: r-devel-linux-x86_64-debian-clang, r-devel-linux-x86_64-debian-gcc

Version: 0.2.2
Check: LazyData
Result: NOTE 'LazyData' is specified without a 'data' directory Flavors: r-oldrel-macos-arm64, r-oldrel-macos-x86_64, r-oldrel-windows-x86_64