Last updated on 2025-07-19 04:49:27 CEST.
Flavor | Version | Tinstall | Tcheck | Ttotal | Status | Flags |
---|---|---|---|---|---|---|
r-devel-linux-x86_64-debian-clang | 1.0-2 | 13.94 | 101.30 | 115.24 | NOTE | |
r-devel-linux-x86_64-debian-gcc | 1.0-2 | 8.62 | 69.79 | 78.41 | NOTE | |
r-devel-linux-x86_64-fedora-clang | 1.0-2 | 181.30 | OK | |||
r-devel-linux-x86_64-fedora-gcc | 1.0-2 | 168.12 | OK | |||
r-devel-windows-x86_64 | 1.0-2 | 14.00 | 106.00 | 120.00 | OK | --no-vignettes |
r-patched-linux-x86_64 | 1.0-2 | 12.58 | 95.85 | 108.43 | OK | |
r-release-linux-x86_64 | 1.0-2 | 12.58 | 94.11 | 106.69 | OK | |
r-release-macos-arm64 | 1.0-2 | 49.00 | OK | |||
r-release-macos-x86_64 | 1.0-2 | 113.00 | OK | |||
r-release-windows-x86_64 | 1.0-2 | 14.00 | 103.00 | 117.00 | OK | --no-vignettes |
r-oldrel-macos-arm64 | 1.0-2 | 49.00 | OK | |||
r-oldrel-macos-x86_64 | 1.0-2 | 69.00 | OK | |||
r-oldrel-windows-x86_64 | 1.0-2 | 20.00 | 126.00 | 146.00 | OK | --no-vignettes |
Version: 1.0-2
Check: CRAN incoming feasibility
Result: NOTE
Maintainer: ‘Arne Henningsen <arne.henningsen@gmail.com>’
No Authors@R field in DESCRIPTION.
Please add one, modifying
Authors@R: c(person(given = "Arne",
family = "Henningsen",
role = c("aut", "cre"),
email = "arne.henningsen@gmail.com"),
person(given = "Geraldine",
family = "Henningsen",
role = "aut"))
as necessary.
Package CITATION file contains call(s) to old-style personList() or
as.personList(). Please use c() on person objects instead.
Package CITATION file contains call(s) to old-style citEntry(). Please
use bibentry() instead.
The BugReports field in DESCRIPTION has
https://github.com/micEcon/micEconCES
which should likely be
https://github.com/micEcon/micEconCES/issues
instead.
Flavors: r-devel-linux-x86_64-debian-clang, r-devel-linux-x86_64-debian-gcc