Last updated on 2025-07-20 04:51:06 CEST.
Flavor | Version | Tinstall | Tcheck | Ttotal | Status | Flags |
---|---|---|---|---|---|---|
r-devel-linux-x86_64-debian-clang | 2.1 | 6.51 | 91.05 | 97.56 | NOTE | |
r-devel-linux-x86_64-debian-gcc | 2.1 | 4.79 | 61.34 | 66.13 | NOTE | |
r-devel-linux-x86_64-fedora-clang | 2.1 | 149.88 | OK | |||
r-devel-linux-x86_64-fedora-gcc | 2.1 | 154.63 | OK | |||
r-devel-windows-x86_64 | 2.1 | 8.00 | 106.00 | 114.00 | OK | |
r-patched-linux-x86_64 | 2.1 | 6.95 | 82.51 | 89.46 | OK | |
r-release-linux-x86_64 | 2.1 | 6.63 | 83.65 | 90.28 | OK | |
r-release-macos-arm64 | 2.1 | 48.00 | OK | |||
r-release-macos-x86_64 | 2.1 | 105.00 | OK | |||
r-release-windows-x86_64 | 2.1 | 8.00 | 106.00 | 114.00 | OK | |
r-oldrel-macos-arm64 | 2.1 | 51.00 | OK | |||
r-oldrel-macos-x86_64 | 2.1 | 81.00 | OK | |||
r-oldrel-windows-x86_64 | 2.1 | 10.00 | 125.00 | 135.00 | OK |
Version: 2.1
Check: CRAN incoming feasibility
Result: NOTE
Maintainer: ‘Lars Snipen <lars.snipen@nmbu.no>’
No Authors@R field in DESCRIPTION.
Please add one, modifying
Authors@R: c(person(given = "Lars",
family = "Snipen",
role = c("aut", "cre"),
email = "lars.snipen@nmbu.no"),
person(given = c("Kristian", "Hovde"),
family = "Liland",
role = "aut"))
as necessary.
Flavors: r-devel-linux-x86_64-debian-clang, r-devel-linux-x86_64-debian-gcc