CRAN Package Check Results for Package midfieldr

Last updated on 2025-07-17 04:54:44 CEST.

Flavor Version Tinstall Tcheck Ttotal Status Flags
r-devel-linux-x86_64-debian-clang 1.0.2 4.10 51.73 55.83 OK
r-devel-linux-x86_64-debian-gcc 1.0.2 2.60 38.08 40.68 OK
r-devel-linux-x86_64-fedora-clang 1.0.2 82.76 OK
r-devel-linux-x86_64-fedora-gcc 1.0.2 90.83 OK
r-devel-windows-x86_64 1.0.2 6.00 78.00 84.00 OK
r-patched-linux-x86_64 1.0.2 4.19 43.35 47.54 OK
r-release-linux-x86_64 1.0.2 4.01 43.93 47.94 OK
r-release-macos-arm64 1.0.2 45.00 OK
r-release-macos-x86_64 1.0.2 80.00 OK
r-release-windows-x86_64 1.0.2 8.00 73.00 81.00 OK
r-oldrel-macos-arm64 1.0.2 52.00 NOTE
r-oldrel-macos-x86_64 1.0.2 57.00 NOTE
r-oldrel-windows-x86_64 1.0.2 9.00 84.00 93.00 NOTE

Check Details

Version: 1.0.2
Check: package dependencies
Result: NOTE Package suggested but not available for checking: ‘midfielddata’ Flavors: r-oldrel-macos-arm64, r-oldrel-macos-x86_64, r-oldrel-windows-x86_64