Last updated on 2025-07-17 04:54:44 CEST.
Flavor | Version | Tinstall | Tcheck | Ttotal | Status | Flags |
---|---|---|---|---|---|---|
r-devel-linux-x86_64-debian-clang | 2.2.2 | 25.11 | 427.26 | 452.37 | NOTE | |
r-devel-linux-x86_64-debian-gcc | 2.2.3 | 15.97 | 269.10 | 285.07 | OK | |
r-devel-linux-x86_64-fedora-clang | 2.2.3 | 716.67 | OK | |||
r-devel-linux-x86_64-fedora-gcc | 2.2.3 | 704.77 | OK | |||
r-devel-windows-x86_64 | 2.2.2 | 29.00 | 526.00 | 555.00 | NOTE | |
r-patched-linux-x86_64 | 2.2.2 | 25.09 | 388.45 | 413.54 | NOTE | |
r-release-linux-x86_64 | 2.2.2 | 23.97 | 401.56 | 425.53 | NOTE | |
r-release-macos-arm64 | 2.2.2 | 187.00 | OK | |||
r-release-macos-x86_64 | 2.2.3 | 313.00 | OK | |||
r-release-windows-x86_64 | 2.2.2 | 30.00 | 409.00 | 439.00 | NOTE | |
r-oldrel-macos-arm64 | 2.2.2 | 229.00 | OK | |||
r-oldrel-macos-x86_64 | 2.2.3 | 337.00 | OK | |||
r-oldrel-windows-x86_64 | 2.2.2 | 35.00 | 546.00 | 581.00 | OK |
Version: 2.2.2
Check: CRAN incoming feasibility
Result: NOTE
Maintainer: ‘Bertrand Iooss <biooss@yahoo.fr>’
No Authors@R field in DESCRIPTION.
Please add one, modifying
Authors@R: c(person(given = "Clement",
family = "Walter",
role = "aut"),
person(given = "Gilles",
family = "Defaux",
role = "aut"),
person(given = "Bertrand",
family = "Iooss",
role = c("aut", "cre"),
email = "biooss@yahoo.fr"),
person(given = c("Vincent", "Moutoussamy", "with", "contributions", "from", "Nicolas"),
family = "Bousquet",
role = "aut"),
person(given = "Claire",
family = "Cannamela",
role = "aut"),
person(given = "Paul",
family = "Lemaitre",
role = "aut"))
as necessary.
Flavor: r-devel-linux-x86_64-debian-clang
Version: 2.2.2
Check: Rd cross-references
Result: NOTE
Found the following Rd file(s) with Rd \link{} targets missing package
anchors:
MonteCarlo.Rd: foreach
Please provide package anchors for all Rd \link{} targets not in the
package itself and the base packages.
Flavors: r-devel-linux-x86_64-debian-clang, r-devel-windows-x86_64, r-patched-linux-x86_64, r-release-linux-x86_64, r-release-windows-x86_64