Last updated on 2025-07-19 04:49:27 CEST.
Flavor | Version | Tinstall | Tcheck | Ttotal | Status | Flags |
---|---|---|---|---|---|---|
r-devel-linux-x86_64-debian-clang | 1.1.2 | 113.53 | 75.65 | 189.18 | OK | |
r-devel-linux-x86_64-debian-gcc | 1.1.2 | 75.59 | 53.41 | 129.00 | OK | |
r-devel-linux-x86_64-fedora-clang | 1.1.2 | 359.14 | OK | |||
r-devel-linux-x86_64-fedora-gcc | 1.1.2 | 321.35 | OK | |||
r-devel-windows-x86_64 | 1.1.2 | 123.00 | 131.00 | 254.00 | OK | |
r-patched-linux-x86_64 | 1.1.2 | 107.72 | 69.82 | 177.54 | OK | |
r-release-linux-x86_64 | 1.1.2 | 108.98 | 69.35 | 178.33 | OK | |
r-release-macos-arm64 | 1.1.2 | 90.00 | OK | |||
r-release-macos-x86_64 | 1.1.2 | 128.00 | OK | |||
r-release-windows-x86_64 | 1.1.2 | 122.00 | 127.00 | 249.00 | OK | |
r-oldrel-macos-arm64 | 1.1.2 | 81.00 | NOTE | |||
r-oldrel-macos-x86_64 | 1.1.2 | 150.00 | NOTE | |||
r-oldrel-windows-x86_64 | 1.1.2 | 150.00 | 144.00 | 294.00 | OK |
Version: 1.1.2
Check: installed package size
Result: NOTE
installed size is 5.3Mb
sub-directories of 1Mb or more:
libs 4.8Mb
Flavors: r-oldrel-macos-arm64, r-oldrel-macos-x86_64