Last updated on 2025-05-23 04:51:13 CEST.
Flavor | Version | Tinstall | Tcheck | Ttotal | Status | Flags |
---|---|---|---|---|---|---|
r-devel-linux-x86_64-debian-clang | 0.3.0 | 14.16 | 107.05 | 121.21 | NOTE | |
r-devel-linux-x86_64-debian-gcc | 0.3.0 | 9.09 | 77.89 | 86.98 | NOTE | |
r-devel-linux-x86_64-fedora-clang | 0.3.0 | 187.11 | NOTE | |||
r-devel-linux-x86_64-fedora-gcc | 0.3.0 | 172.13 | NOTE | |||
r-devel-windows-x86_64 | 0.3.0 | 15.00 | 136.00 | 151.00 | NOTE | |
r-patched-linux-x86_64 | 0.3.0 | 15.05 | 97.38 | 112.43 | NOTE | |
r-release-linux-x86_64 | 0.3.0 | 14.07 | 97.76 | 111.83 | NOTE | |
r-release-macos-arm64 | 0.3.0 | 60.00 | NOTE | |||
r-release-macos-x86_64 | 0.3.0 | 109.00 | NOTE | |||
r-release-windows-x86_64 | 0.3.0 | 15.00 | 131.00 | 146.00 | NOTE | |
r-oldrel-macos-arm64 | 0.3.0 | 52.00 | NOTE | |||
r-oldrel-macos-x86_64 | 0.3.0 | 73.00 | NOTE | |||
r-oldrel-windows-x86_64 | 0.3.0 | 21.00 | 139.00 | 160.00 | NOTE |
Version: 0.3.0
Check: Rd files
Result: NOTE
checkRd: (-1) mlim.Rd:58: Lost braces
58 | Note that code{"XGB"} is only available in Mac OS and Linux. moreover,
| ^
Flavors: r-devel-linux-x86_64-debian-clang, r-devel-linux-x86_64-debian-gcc, r-devel-linux-x86_64-fedora-clang, r-devel-linux-x86_64-fedora-gcc, r-devel-windows-x86_64, r-patched-linux-x86_64, r-release-linux-x86_64, r-release-macos-arm64, r-release-macos-x86_64, r-release-windows-x86_64, r-oldrel-macos-arm64, r-oldrel-macos-x86_64, r-oldrel-windows-x86_64