Last updated on 2025-05-22 04:50:04 CEST.
Flavor | Version | Tinstall | Tcheck | Ttotal | Status | Flags |
---|---|---|---|---|---|---|
r-devel-linux-x86_64-debian-clang | 0.1.0 | 4.91 | 60.65 | 65.56 | NOTE | |
r-devel-linux-x86_64-debian-gcc | 0.1.0 | 2.41 | 43.42 | 45.83 | NOTE | |
r-devel-linux-x86_64-fedora-clang | 0.1.0 | 98.29 | OK | |||
r-devel-linux-x86_64-fedora-gcc | 0.1.0 | 83.48 | OK | |||
r-devel-windows-x86_64 | 0.1.0 | 7.00 | 84.00 | 91.00 | OK | |
r-patched-linux-x86_64 | 0.1.0 | 4.50 | 51.36 | 55.86 | NOTE | |
r-release-linux-x86_64 | 0.1.0 | 3.77 | 51.06 | 54.83 | NOTE | |
r-release-macos-arm64 | 0.1.0 | 35.00 | OK | |||
r-release-macos-x86_64 | 0.1.0 | 57.00 | OK | |||
r-release-windows-x86_64 | 0.1.0 | 6.00 | 70.00 | 76.00 | OK | |
r-oldrel-macos-arm64 | 0.1.0 | 28.00 | OK | |||
r-oldrel-macos-x86_64 | 0.1.0 | 44.00 | OK | |||
r-oldrel-windows-x86_64 | 0.1.0 | 8.00 | 78.00 | 86.00 | OK |
Version: 0.1.0
Check: for unstated dependencies in ‘demo’
Result: NOTE
'library' or 'require' calls not declared from:
‘future’ ‘mlr3tuning’
Flavors: r-devel-linux-x86_64-debian-clang, r-devel-linux-x86_64-debian-gcc, r-patched-linux-x86_64, r-release-linux-x86_64