CRAN Package Check Results for Package moc.gapbk

Last updated on 2025-07-17 04:54:45 CEST.

Flavor Version Tinstall Tcheck Ttotal Status Flags
r-devel-linux-x86_64-debian-clang 0.1.3 3.18 33.05 36.23 OK
r-devel-linux-x86_64-debian-gcc 0.1.3 2.64 27.83 30.47 OK
r-devel-linux-x86_64-fedora-clang 0.1.3 59.06 OK
r-devel-linux-x86_64-fedora-gcc 0.1.3 56.40 OK
r-devel-windows-x86_64 0.1.3 3.00 50.00 53.00 OK
r-patched-linux-x86_64 0.1.3 3.22 30.22 33.44 OK
r-release-linux-x86_64 0.1.3 2.88 30.66 33.54 OK
r-release-macos-arm64 0.1.3 4.00 ERROR
r-release-macos-x86_64 0.1.3 5.00 ERROR
r-release-windows-x86_64 0.1.3 4.00 52.00 56.00 OK
r-oldrel-macos-arm64 0.1.3 9.00 ERROR
r-oldrel-macos-x86_64 0.1.3 12.00 ERROR
r-oldrel-windows-x86_64 0.1.3 5.00 57.00 62.00 OK

Check Details

Version: 0.1.3
Check: package dependencies
Result: ERROR Package required but not available: ‘doMPI’ See section ‘The DESCRIPTION file’ in the ‘Writing R Extensions’ manual. Flavors: r-release-macos-arm64, r-release-macos-x86_64, r-oldrel-macos-arm64, r-oldrel-macos-x86_64