CRAN Package Check Results for Package mod

Last updated on 2025-07-17 04:54:45 CEST.

Flavor Version Tinstall Tcheck Ttotal Status Flags
r-devel-linux-x86_64-debian-clang 0.1.3 1.77 22.60 24.37 OK
r-devel-linux-x86_64-debian-gcc 0.1.3 1.57 19.35 20.92 OK
r-devel-linux-x86_64-fedora-clang 0.1.3 35.76 OK
r-devel-linux-x86_64-fedora-gcc 0.1.3 33.61 OK
r-devel-windows-x86_64 0.1.3 3.00 44.00 47.00 OK
r-patched-linux-x86_64 0.1.3 1.99 19.60 21.59 OK
r-release-linux-x86_64 0.1.3 1.65 19.79 21.44 OK
r-release-macos-arm64 0.1.3 17.00 OK
r-release-macos-x86_64 0.1.3 28.00 OK
r-release-windows-x86_64 0.1.3 3.00 43.00 46.00 OK
r-oldrel-macos-arm64 0.1.3 15.00 NOTE
r-oldrel-macos-x86_64 0.1.3 37.00 NOTE
r-oldrel-windows-x86_64 0.1.3 3.00 48.00 51.00 NOTE

Check Details

Version: 0.1.3
Check: LazyData
Result: NOTE 'LazyData' is specified without a 'data' directory Flavors: r-oldrel-macos-arm64, r-oldrel-macos-x86_64, r-oldrel-windows-x86_64