CRAN Package Check Results for Package modelc

Last updated on 2025-05-23 04:51:14 CEST.

Flavor Version Tinstall Tcheck Ttotal Status Flags
r-devel-linux-x86_64-debian-clang 1.0.0.0 1.67 20.08 21.75 OK
r-devel-linux-x86_64-debian-gcc 1.0.0.0 1.43 16.84 18.27 OK
r-devel-linux-x86_64-fedora-clang 1.0.0.0 32.58 OK
r-devel-linux-x86_64-fedora-gcc 1.0.0.0 30.30 OK
r-devel-windows-x86_64 1.0.0.0 5.00 68.00 73.00 OK
r-patched-linux-x86_64 1.0.0.0 1.83 18.28 20.11 OK
r-release-linux-x86_64 1.0.0.0 1.53 18.36 19.89 OK
r-release-macos-arm64 1.0.0.0 16.00 OK
r-release-macos-x86_64 1.0.0.0 28.00 OK
r-release-windows-x86_64 1.0.0.0 3.00 69.00 72.00 OK
r-oldrel-macos-arm64 1.0.0.0 15.00 NOTE
r-oldrel-macos-x86_64 1.0.0.0 21.00 NOTE
r-oldrel-windows-x86_64 1.0.0.0 3.00 48.00 51.00 NOTE

Check Details

Version: 1.0.0.0
Check: LazyData
Result: NOTE 'LazyData' is specified without a 'data' directory Flavors: r-oldrel-macos-arm64, r-oldrel-macos-x86_64, r-oldrel-windows-x86_64