Last updated on 2025-05-23 04:51:14 CEST.
Flavor | Version | Tinstall | Tcheck | Ttotal | Status | Flags |
---|---|---|---|---|---|---|
r-devel-linux-x86_64-debian-clang | 1.0.8 | 67.44 | 381.70 | 449.14 | OK | |
r-devel-linux-x86_64-debian-gcc | 1.0.8 | 48.67 | 233.54 | 282.21 | OK | |
r-devel-linux-x86_64-fedora-clang | 1.0.8 | 736.91 | OK | |||
r-devel-linux-x86_64-fedora-gcc | 1.0.8 | 621.08 | OK | |||
r-devel-windows-x86_64 | 1.0.8 | 78.00 | 261.00 | 339.00 | OK | |
r-patched-linux-x86_64 | 1.0.8 | 66.27 | 300.56 | 366.83 | OK | |
r-release-linux-x86_64 | 1.0.8 | 68.67 | 310.17 | 378.84 | OK | |
r-release-macos-arm64 | 1.0.8 | 138.00 | OK | |||
r-release-macos-x86_64 | 1.0.8 | 268.00 | OK | |||
r-release-windows-x86_64 | 1.0.8 | 82.00 | 258.00 | 340.00 | OK | |
r-oldrel-macos-arm64 | 1.0.8 | 147.00 | NOTE | |||
r-oldrel-macos-x86_64 | 1.0.8 | 315.00 | NOTE | |||
r-oldrel-windows-x86_64 | 1.0.8 | 93.00 | 344.00 | 437.00 | OK |
Version: 1.0.8
Check: installed package size
Result: NOTE
installed size is 6.7Mb
sub-directories of 1Mb or more:
libs 4.8Mb
Flavors: r-oldrel-macos-arm64, r-oldrel-macos-x86_64