Last updated on 2025-07-19 04:49:28 CEST.
Flavor | Version | Tinstall | Tcheck | Ttotal | Status | Flags |
---|---|---|---|---|---|---|
r-devel-linux-x86_64-debian-clang | 3.5.4 | 157.65 | 238.23 | 395.88 | NOTE | |
r-devel-linux-x86_64-debian-gcc | 3.5.4 | 114.52 | 154.39 | 268.91 | NOTE | |
r-devel-linux-x86_64-fedora-clang | 3.5.4 | 690.36 | OK | |||
r-devel-linux-x86_64-fedora-gcc | 3.5.4 | 658.44 | OK | |||
r-devel-windows-x86_64 | 3.5.4 | 180.00 | 261.00 | 441.00 | OK | |
r-patched-linux-x86_64 | 3.5.4 | 162.62 | 218.49 | 381.11 | OK | |
r-release-linux-x86_64 | 3.5.4 | 151.94 | 221.38 | 373.32 | OK | |
r-release-macos-arm64 | 3.5.4 | 175.00 | OK | |||
r-release-macos-x86_64 | 3.5.4 | 244.00 | OK | |||
r-release-windows-x86_64 | 3.5.4 | 176.00 | 257.00 | 433.00 | OK | |
r-oldrel-macos-arm64 | 3.5.4 | 149.00 | NOTE | |||
r-oldrel-macos-x86_64 | 3.5.4 | 198.00 | NOTE | |||
r-oldrel-windows-x86_64 | 3.5.4 | 212.00 | 342.00 | 554.00 | OK |
Version: 3.5.4
Check: CRAN incoming feasibility
Result: NOTE
Maintainer: ‘David Rossell <rosselldavid@gmail.com>’
No Authors@R field in DESCRIPTION.
Please add one, modifying
Authors@R: c(person(given = "David",
family = "Rossell",
role = c("aut", "cre"),
email = "rosselldavid@gmail.com"),
person(given = c("John", "D."),
family = "Cook",
role = "aut"),
person(given = "Donatello",
family = "Telesca",
role = "aut"),
person(given = "P.",
family = "Roebuck",
role = "aut"),
person(given = "Oriol",
family = "Abril",
role = "aut"),
person(given = "Miquel",
family = "Torrens",
role = "aut"))
as necessary.
Flavors: r-devel-linux-x86_64-debian-clang, r-devel-linux-x86_64-debian-gcc
Version: 3.5.4
Check: installed package size
Result: NOTE
installed size is 9.8Mb
sub-directories of 1Mb or more:
libs 8.2Mb
Flavors: r-oldrel-macos-arm64, r-oldrel-macos-x86_64