CRAN Package Check Results for Package mplot

Last updated on 2025-07-17 04:54:45 CEST.

Flavor Version Tinstall Tcheck Ttotal Status Flags
r-devel-linux-x86_64-debian-clang 1.0.6 6.96 65.34 72.30 NOTE
r-devel-linux-x86_64-debian-gcc 1.0.6 5.25 46.99 52.24 NOTE
r-devel-linux-x86_64-fedora-clang 1.0.6 109.84 NOTE
r-devel-linux-x86_64-fedora-gcc 1.0.6 102.18 NOTE
r-devel-windows-x86_64 1.0.6 9.00 80.00 89.00 NOTE
r-patched-linux-x86_64 1.0.6 7.87 58.08 65.95 NOTE
r-release-linux-x86_64 1.0.6 6.85 59.37 66.22 NOTE
r-release-macos-arm64 1.0.6 35.00 NOTE
r-release-macos-x86_64 1.0.6 64.00 NOTE
r-release-windows-x86_64 1.0.6 9.00 81.00 90.00 NOTE
r-oldrel-macos-arm64 1.0.6 44.00 NOTE
r-oldrel-macos-x86_64 1.0.6 55.00 NOTE
r-oldrel-windows-x86_64 1.0.6 11.00 104.00 115.00 NOTE

Check Details

Version: 1.0.6
Check: Rd files
Result: NOTE checkRd: (-1) glmfence.Rd:21: Lost braces; missing escapes or markup? 21 | is performed where the boundary is cstar*hat(sigma)_{M,tildeM}.} | ^ checkRd: (-1) lmfence.Rd:21: Lost braces; missing escapes or markup? 21 | is performed where the boundary is cstar*hat(sigma)_{M,tildeM}.} | ^ Flavors: r-devel-linux-x86_64-debian-clang, r-devel-linux-x86_64-debian-gcc, r-devel-linux-x86_64-fedora-clang, r-devel-linux-x86_64-fedora-gcc, r-devel-windows-x86_64, r-patched-linux-x86_64, r-release-linux-x86_64, r-release-macos-arm64, r-release-macos-x86_64, r-release-windows-x86_64, r-oldrel-macos-arm64, r-oldrel-macos-x86_64, r-oldrel-windows-x86_64