Last updated on 2025-07-19 04:49:28 CEST.
Flavor | Version | Tinstall | Tcheck | Ttotal | Status | Flags |
---|---|---|---|---|---|---|
r-devel-linux-x86_64-debian-clang | 0.1.2 | 2.66 | 31.94 | 34.60 | NOTE | |
r-devel-linux-x86_64-debian-gcc | 0.1.2 | 1.71 | 26.26 | 27.97 | NOTE | |
r-devel-linux-x86_64-fedora-clang | 0.1.2 | 55.99 | OK | |||
r-devel-linux-x86_64-fedora-gcc | 0.1.2 | 65.28 | OK | |||
r-devel-windows-x86_64 | 0.1.2 | 3.00 | 53.00 | 56.00 | OK | |
r-patched-linux-x86_64 | 0.1.2 | 2.77 | 29.41 | 32.18 | OK | |
r-release-linux-x86_64 | 0.1.2 | 2.45 | 29.58 | 32.03 | OK | |
r-release-macos-arm64 | 0.1.2 | 41.00 | OK | |||
r-release-macos-x86_64 | 0.1.2 | 50.00 | OK | |||
r-release-windows-x86_64 | 0.1.2 | 4.00 | 52.00 | 56.00 | OK | |
r-oldrel-macos-arm64 | 0.1.2 | 26.00 | OK | |||
r-oldrel-macos-x86_64 | 0.1.2 | 39.00 | OK | |||
r-oldrel-windows-x86_64 | 0.1.2 | 5.00 | 61.00 | 66.00 | OK |
Version: 0.1.2
Check: CRAN incoming feasibility
Result: NOTE
Maintainer: ‘Phil Ferriere <pferriere@hotmail.com>’
Found the following (possibly) invalid file URI:
URI: ./CONDUCT.md
From: README.md
Flavors: r-devel-linux-x86_64-debian-clang, r-devel-linux-x86_64-debian-gcc