Last updated on 2025-07-17 04:54:45 CEST.
Flavor | Version | Tinstall | Tcheck | Ttotal | Status | Flags |
---|---|---|---|---|---|---|
r-devel-linux-x86_64-debian-clang | 1.0.5 | 32.76 | 132.55 | 165.31 | OK | |
r-devel-linux-x86_64-debian-gcc | 1.0.5 | 23.35 | 99.48 | 122.83 | ERROR | |
r-devel-linux-x86_64-fedora-clang | 1.0.5 | 272.34 | OK | |||
r-devel-linux-x86_64-fedora-gcc | 1.0.5 | 309.90 | OK | |||
r-devel-windows-x86_64 | 1.0.5 | 33.00 | 173.00 | 206.00 | OK | |
r-patched-linux-x86_64 | 1.0.5 | 32.92 | 136.26 | 169.18 | OK | |
r-release-linux-x86_64 | 1.0.5 | 33.63 | 136.35 | 169.98 | OK | |
r-release-macos-arm64 | 1.0.5 | 84.00 | OK | |||
r-release-macos-x86_64 | 1.0.5 | 215.00 | OK | |||
r-release-windows-x86_64 | 1.0.5 | 31.00 | 169.00 | 200.00 | OK | |
r-oldrel-macos-arm64 | 1.0.5 | 71.00 | NOTE | |||
r-oldrel-macos-x86_64 | 1.0.5 | 162.00 | NOTE | |||
r-oldrel-windows-x86_64 | 1.0.5 | 33.00 | 217.00 | 250.00 | OK |
Version: 1.0.5
Check: tests
Result: ERROR
Running ‘testthat.R’ [40s/49s]
Running the tests in ‘tests/testthat.R’ failed.
Complete output:
> library(testthat)
> library(msde)
>
> Sys.unsetenv("R_TESTS")
> test_check("msde")
[ FAIL 1 | WARN 0 | SKIP 0 | PASS 797 ]
══ Failed tests ════════════════════════════════════════════════════════════════
── Failure ('test-hest_diag.R:46:1'): lpi.R == lpi.cpp ─────────────────────────
mxd[ii, 2] not equal to 0.
1/1 mismatches
[1] 0.00039 - 0 == 0.00039
[ FAIL 1 | WARN 0 | SKIP 0 | PASS 797 ]
Error: Test failures
Execution halted
Flavor: r-devel-linux-x86_64-debian-gcc
Version: 1.0.5
Check: installed package size
Result: NOTE
installed size is 6.5Mb
sub-directories of 1Mb or more:
libs 5.9Mb
Flavors: r-oldrel-macos-arm64, r-oldrel-macos-x86_64