Last updated on 2025-05-23 04:51:14 CEST.
Flavor | Version | Tinstall | Tcheck | Ttotal | Status | Flags |
---|---|---|---|---|---|---|
r-devel-linux-x86_64-debian-clang | 0.1-2 | 3.63 | 31.29 | 34.92 | NOTE | |
r-devel-linux-x86_64-debian-gcc | 0.1-2 | 2.26 | 23.21 | 25.47 | NOTE | |
r-devel-linux-x86_64-fedora-clang | 0.1-2 | 56.05 | OK | |||
r-devel-linux-x86_64-fedora-gcc | 0.1-2 | 52.41 | OK | |||
r-devel-windows-x86_64 | 0.1-2 | 5.00 | 79.00 | 84.00 | OK | |
r-patched-linux-x86_64 | 0.1-2 | 2.66 | 29.68 | 32.34 | OK | |
r-release-linux-x86_64 | 0.1-2 | 3.29 | 29.93 | 33.22 | OK | |
r-release-macos-arm64 | 0.1-2 | 23.00 | OK | |||
r-release-macos-x86_64 | 0.1-2 | 34.00 | OK | |||
r-release-windows-x86_64 | 0.1-2 | 4.00 | 81.00 | 85.00 | OK | |
r-oldrel-macos-arm64 | 0.1-2 | 21.00 | OK | |||
r-oldrel-macos-x86_64 | 0.1-2 | 32.00 | OK | |||
r-oldrel-windows-x86_64 | 0.1-2 | 6.00 | 59.00 | 65.00 | OK |
Version: 0.1-2
Check: CRAN incoming feasibility
Result: NOTE
Maintainer: ‘Michael Eichenberger <mike.eichenberger@gmail.com>’
No Authors@R field in DESCRIPTION.
Please add one, modifying
Authors@R: c(person(given = "Michael",
family = "Eichenberger",
role = c("aut", "cre"),
email = "mike.eichenberger@gmail.com"),
person(given = "Carlo",
family = "Rosa",
role = "aut"))
as necessary.
Flavors: r-devel-linux-x86_64-debian-clang, r-devel-linux-x86_64-debian-gcc