Last updated on 2025-05-23 04:51:14 CEST.
Flavor | Version | Tinstall | Tcheck | Ttotal | Status | Flags |
---|---|---|---|---|---|---|
r-devel-linux-x86_64-debian-clang | 0.4.3 | 19.53 | 179.16 | 198.69 | NOTE | |
r-devel-linux-x86_64-debian-gcc | 0.4.3 | 10.80 | 128.94 | 139.74 | NOTE | |
r-devel-linux-x86_64-fedora-clang | 0.4.3 | 324.35 | OK | |||
r-devel-linux-x86_64-fedora-gcc | 0.4.3 | 314.04 | OK | |||
r-devel-windows-x86_64 | 0.4.3 | 18.00 | 172.00 | 190.00 | OK | |
r-patched-linux-x86_64 | 0.4.3 | 16.15 | 170.96 | 187.11 | OK | |
r-release-linux-x86_64 | 0.4.3 | 15.25 | 176.05 | 191.30 | OK | |
r-release-macos-arm64 | 0.4.3 | 227.00 | OK | |||
r-release-macos-x86_64 | 0.4.3 | 447.00 | OK | |||
r-release-windows-x86_64 | 0.4.3 | 18.00 | 220.00 | 238.00 | OK | |
r-oldrel-macos-arm64 | 0.4.3 | 149.00 | NOTE | |||
r-oldrel-macos-x86_64 | 0.4.3 | 127.00 | OK | |||
r-oldrel-windows-x86_64 | 0.4.3 | 25.00 | 222.00 | 247.00 | OK |
Version: 0.4.3
Check: CRAN incoming feasibility
Result: NOTE
Maintainer: ‘Nour-al-dain Marzouka <Nour-al-dain.Marzouka@med.lu.se>’
No Authors@R field in DESCRIPTION.
Please add one, modifying
Authors@R: person(given = "Nour-al-dain",
family = "Marzouka",
role = c("aut", "cre"),
email = "nour-al-dain.marzouka@med.lu.se")
as necessary.
Flavors: r-devel-linux-x86_64-debian-clang, r-devel-linux-x86_64-debian-gcc
Version: 0.4.3
Check: package dependencies
Result: NOTE
Package suggested but not available for checking: ‘leukemiasEset’
Flavor: r-oldrel-macos-arm64