Last updated on 2025-07-19 04:49:28 CEST.
Flavor | Version | Tinstall | Tcheck | Ttotal | Status | Flags |
---|---|---|---|---|---|---|
r-devel-linux-x86_64-debian-clang | 0.1.1 | 5.59 | 53.03 | 58.62 | NOTE | |
r-devel-linux-x86_64-debian-gcc | 0.1.1 | 2.82 | 36.03 | 38.85 | NOTE | |
r-devel-linux-x86_64-fedora-clang | 0.1.1 | 88.03 | OK | |||
r-devel-linux-x86_64-fedora-gcc | 0.1.1 | 81.09 | OK | |||
r-devel-windows-x86_64 | 0.1.1 | 7.00 | 62.00 | 69.00 | OK | |
r-patched-linux-x86_64 | 0.1.1 | 4.72 | 48.17 | 52.89 | OK | |
r-release-linux-x86_64 | 0.1.1 | 5.27 | 46.41 | 51.68 | OK | |
r-release-macos-arm64 | 0.1.1 | 27.00 | OK | |||
r-release-macos-x86_64 | 0.1.1 | 54.00 | OK | |||
r-release-windows-x86_64 | 0.1.1 | 8.00 | 64.00 | 72.00 | OK | |
r-oldrel-macos-arm64 | 0.1.1 | 27.00 | OK | |||
r-oldrel-macos-x86_64 | 0.1.1 | 39.00 | OK | |||
r-oldrel-windows-x86_64 | 0.1.1 | 10.00 | 76.00 | 86.00 | OK |
Version: 0.1.1
Check: CRAN incoming feasibility
Result: NOTE
Maintainer: ‘Alexander Volkmann <alexandervolkmann8@gmail.com>’
The Description field contains
(multiFAMM), see Volkmann et al. (2021, <arXiv:2103.06606>). It builds
Please refer to arXiv e-prints via their arXiv DOI <doi:10.48550/arXiv.YYMM.NNNNN>.
Flavors: r-devel-linux-x86_64-debian-clang, r-devel-linux-x86_64-debian-gcc