Last updated on 2025-07-18 04:49:13 CEST.
Flavor | Version | Tinstall | Tcheck | Ttotal | Status | Flags |
---|---|---|---|---|---|---|
r-devel-linux-x86_64-debian-clang | 2.0.1 | 178.06 | 70.64 | 248.70 | OK | |
r-devel-linux-x86_64-debian-gcc | 2.0.1 | 115.35 | 48.01 | 163.36 | OK | |
r-devel-linux-x86_64-fedora-clang | 2.0.1 | 373.53 | OK | |||
r-devel-linux-x86_64-fedora-gcc | 2.0.1 | 415.11 | OK | |||
r-devel-windows-x86_64 | 2.0.1 | 145.00 | 100.00 | 245.00 | OK | |
r-patched-linux-x86_64 | 2.0.1 | 145.16 | 66.92 | 212.08 | OK | |
r-release-linux-x86_64 | 2.0.1 | 153.63 | 66.34 | 219.97 | OK | |
r-release-macos-arm64 | 2.0.1 | 90.00 | OK | |||
r-release-macos-x86_64 | 2.0.1 | 93.00 | OK | |||
r-release-windows-x86_64 | 2.0.1 | 148.00 | 103.00 | 251.00 | OK | |
r-oldrel-macos-arm64 | 2.0.1 | 82.00 | NOTE | |||
r-oldrel-macos-x86_64 | 2.0.1 | 106.00 | NOTE | |||
r-oldrel-windows-x86_64 | 2.0.1 | 191.00 | 130.00 | 321.00 | OK |
Version: 2.0.1
Check: installed package size
Result: NOTE
installed size is 16.3Mb
sub-directories of 1Mb or more:
libs 15.4Mb
Flavors: r-oldrel-macos-arm64, r-oldrel-macos-x86_64