CRAN Package Check Results for Package multilevel

Last updated on 2025-07-19 04:49:28 CEST.

Flavor Version Tinstall Tcheck Ttotal Status Flags
r-devel-linux-x86_64-debian-clang 2.7 3.31 66.84 70.15 NOTE
r-devel-linux-x86_64-debian-gcc 2.7 3.00 46.59 49.59 NOTE
r-devel-linux-x86_64-fedora-clang 2.7 115.47 OK
r-devel-linux-x86_64-fedora-gcc 2.7 110.57 OK
r-devel-windows-x86_64 2.7 5.00 101.00 106.00 NOTE
r-patched-linux-x86_64 2.7 5.17 64.43 69.60 NOTE
r-release-linux-x86_64 2.7 4.04 62.48 66.52 NOTE
r-release-macos-arm64 2.7 38.00 OK
r-release-macos-x86_64 2.7 62.00 OK
r-release-windows-x86_64 2.7 5.00 96.00 101.00 NOTE
r-oldrel-macos-arm64 2.7 32.00 OK
r-oldrel-macos-x86_64 2.7 52.00 OK
r-oldrel-windows-x86_64 2.7 8.00 110.00 118.00 OK

Check Details

Version: 2.7
Check: Rd cross-references
Result: NOTE Found the following Rd file(s) with Rd \link{} targets missing package anchors: gmeanrel.Rd: lme Please provide package anchors for all Rd \link{} targets not in the package itself and the base packages. Flavors: r-devel-linux-x86_64-debian-clang, r-devel-linux-x86_64-debian-gcc, r-devel-windows-x86_64, r-patched-linux-x86_64, r-release-linux-x86_64, r-release-windows-x86_64