Last updated on 2025-07-17 04:54:45 CEST.
Flavor | Version | Tinstall | Tcheck | Ttotal | Status | Flags |
---|---|---|---|---|---|---|
r-devel-linux-x86_64-debian-clang | 0.5.1 | 2.33 | 42.91 | 45.24 | NOTE | |
r-devel-linux-x86_64-debian-gcc | 0.5.1 | 1.86 | 32.61 | 34.47 | NOTE | |
r-devel-linux-x86_64-fedora-clang | 0.5.1 | 74.47 | OK | |||
r-devel-linux-x86_64-fedora-gcc | 0.5.1 | 65.58 | OK | |||
r-devel-windows-x86_64 | 0.5.1 | 5.00 | 60.00 | 65.00 | OK | |
r-patched-linux-x86_64 | 0.5.1 | 2.62 | 39.82 | 42.44 | OK | |
r-release-linux-x86_64 | 0.5.1 | 2.40 | 39.00 | 41.40 | OK | |
r-release-macos-arm64 | 0.5.1 | 25.00 | OK | |||
r-release-macos-x86_64 | 0.5.1 | 63.00 | OK | |||
r-release-windows-x86_64 | 0.5.1 | 4.00 | 62.00 | 66.00 | OK | |
r-oldrel-macos-arm64 | 0.5.1 | 27.00 | OK | |||
r-oldrel-macos-x86_64 | 0.5.1 | 43.00 | OK | |||
r-oldrel-windows-x86_64 | 0.5.1 | 4.00 | 73.00 | 77.00 | OK |
Version: 0.5.1
Check: CRAN incoming feasibility
Result: NOTE
Maintainer: ‘Charlotte Wickham <cwickham@gmail.com>’
No Authors@R field in DESCRIPTION.
Please add one, modifying
Authors@R: person(given = "Charlotte",
family = "Wickham",
role = c("aut", "cre"),
email = "cwickham@gmail.com")
as necessary.
Flavors: r-devel-linux-x86_64-debian-clang, r-devel-linux-x86_64-debian-gcc