Last updated on 2025-07-17 04:54:45 CEST.
Flavor | Version | Tinstall | Tcheck | Ttotal | Status | Flags |
---|---|---|---|---|---|---|
r-devel-linux-x86_64-debian-clang | 1.0.3 | 12.72 | 165.02 | 177.74 | OK | |
r-devel-linux-x86_64-debian-gcc | 1.0.3 | 8.72 | 120.62 | 129.34 | OK | |
r-devel-linux-x86_64-fedora-clang | 1.0.3 | 285.06 | NOTE | |||
r-devel-linux-x86_64-fedora-gcc | 1.0.3 | 272.30 | NOTE | |||
r-devel-windows-x86_64 | 1.0.3 | 13.00 | 182.00 | 195.00 | OK | |
r-patched-linux-x86_64 | 1.0.3 | 11.42 | 152.64 | 164.06 | OK | |
r-release-linux-x86_64 | 1.0.3 | 12.01 | 155.10 | 167.11 | OK | |
r-release-macos-arm64 | 1.0.3 | 91.00 | OK | |||
r-release-macos-x86_64 | 1.0.3 | 151.00 | OK | |||
r-release-windows-x86_64 | 1.0.3 | 13.00 | 192.00 | 205.00 | OK | |
r-oldrel-macos-arm64 | 1.0.3 | 89.00 | OK | |||
r-oldrel-macos-x86_64 | 1.0.3 | 126.00 | OK | |||
r-oldrel-windows-x86_64 | 1.0.3 | 18.00 | 217.00 | 235.00 | OK |
Version: 1.0.3
Check: dependencies in R code
Result: NOTE
Namespaces in Imports field not imported from:
‘e1071’ ‘glue’
All declared Imports should be used.
Flavors: r-devel-linux-x86_64-fedora-clang, r-devel-linux-x86_64-fedora-gcc