CRAN Package Check Results for Package naniar

Last updated on 2025-07-17 04:54:45 CEST.

Flavor Version Tinstall Tcheck Ttotal Status Flags
r-devel-linux-x86_64-debian-clang 1.1.0 8.43 159.94 168.37 NOTE
r-devel-linux-x86_64-debian-gcc 1.1.0 5.81 117.95 123.76 NOTE
r-devel-linux-x86_64-fedora-clang 1.1.0 268.65 NOTE
r-devel-linux-x86_64-fedora-gcc 1.1.0 252.59 NOTE
r-devel-windows-x86_64 1.1.0 12.00 187.00 199.00 NOTE
r-patched-linux-x86_64 1.1.0 10.23 149.48 159.71 NOTE
r-release-linux-x86_64 1.1.0 6.53 149.35 155.88 NOTE
r-release-macos-arm64 1.1.0 78.00 NOTE
r-release-macos-x86_64 1.1.0 152.00 OK
r-release-windows-x86_64 1.1.0 10.00 175.00 185.00 NOTE
r-oldrel-macos-arm64 1.1.0 72.00 OK
r-oldrel-macos-x86_64 1.1.0 144.00 OK
r-oldrel-windows-x86_64 1.1.0 17.00 221.00 238.00 OK

Check Details

Version: 1.1.0
Check: DESCRIPTION meta-information
Result: NOTE Missing dependency on R >= 4.1.0 because package code uses the pipe |> or function shorthand \(...) syntax added in R 4.1.0. File(s) using such syntax: ‘impute_below.Rd’ ‘impute_factor.Rd’ ‘impute_fixed.Rd’ ‘impute_mean.Rd’ ‘impute_median.Rd’ ‘impute_mode.Rd’ ‘impute_zero.Rd’ ‘replace_na_with.Rd’ Flavors: r-devel-linux-x86_64-debian-clang, r-devel-linux-x86_64-debian-gcc, r-devel-linux-x86_64-fedora-clang, r-devel-linux-x86_64-fedora-gcc, r-devel-windows-x86_64, r-patched-linux-x86_64, r-release-linux-x86_64, r-release-macos-arm64, r-release-windows-x86_64