CRAN Package Check Results for Package naturalsort

Last updated on 2025-07-19 04:49:29 CEST.

Flavor Version Tinstall Tcheck Ttotal Status Flags
r-devel-linux-x86_64-debian-clang 0.1.3 1.60 24.64 26.24 NOTE
r-devel-linux-x86_64-debian-gcc 0.1.3 1.29 18.97 20.26 NOTE
r-devel-linux-x86_64-fedora-clang 0.1.3 42.73 OK
r-devel-linux-x86_64-fedora-gcc 0.1.3 38.47 OK
r-devel-windows-x86_64 0.1.3 2.00 45.00 47.00 OK
r-patched-linux-x86_64 0.1.3 1.60 22.70 24.30 OK
r-release-linux-x86_64 0.1.3 1.55 22.91 24.46 OK
r-release-macos-arm64 0.1.3 18.00 OK
r-release-macos-x86_64 0.1.3 29.00 OK
r-release-windows-x86_64 0.1.3 2.00 44.00 46.00 OK
r-oldrel-macos-arm64 0.1.3 21.00 OK
r-oldrel-macos-x86_64 0.1.3 28.00 OK
r-oldrel-windows-x86_64 0.1.3 4.00 49.00 53.00 OK

Check Details

Version: 0.1.3
Check: CRAN incoming feasibility
Result: NOTE Maintainer: ‘Kosei Abe <mail@recyclebin.jp>’ No Authors@R field in DESCRIPTION. Please add one, modifying Authors@R: person(given = "Kosei", family = "Abe", role = c("aut", "cre"), email = "mail@recyclebin.jp") as necessary. Flavors: r-devel-linux-x86_64-debian-clang, r-devel-linux-x86_64-debian-gcc