Last updated on 2025-05-23 04:51:14 CEST.
Flavor | Version | Tinstall | Tcheck | Ttotal | Status | Flags |
---|---|---|---|---|---|---|
r-devel-linux-x86_64-debian-clang | 0.0.1 | 59.03 | 166.19 | 225.22 | OK | |
r-devel-linux-x86_64-debian-gcc | 0.0.1 | 45.55 | 116.27 | 161.82 | OK | |
r-devel-linux-x86_64-fedora-clang | 0.0.1 | 374.12 | OK | |||
r-devel-linux-x86_64-fedora-gcc | 0.0.1 | 381.82 | OK | |||
r-devel-windows-x86_64 | 0.0.1 | 68.00 | 185.00 | 253.00 | OK | |
r-patched-linux-x86_64 | 0.0.1 | 59.13 | 158.95 | 218.08 | OK | |
r-release-linux-x86_64 | 0.0.1 | 59.81 | 159.62 | 219.43 | OK | |
r-release-macos-arm64 | 0.0.1 | 138.00 | OK | |||
r-release-macos-x86_64 | 0.0.1 | 221.00 | OK | |||
r-release-windows-x86_64 | 0.0.1 | 72.00 | 230.00 | 302.00 | OK | |
r-oldrel-macos-arm64 | 0.0.1 | 107.00 | NOTE | |||
r-oldrel-macos-x86_64 | 0.0.1 | 146.00 | NOTE | |||
r-oldrel-windows-x86_64 | 0.0.1 | 87.00 | 239.00 | 326.00 | NOTE |
Version: 0.0.1
Check: installed package size
Result: NOTE
installed size is 13.9Mb
sub-directories of 1Mb or more:
data 2.1Mb
doc 6.5Mb
libs 4.8Mb
Flavors: r-oldrel-macos-arm64, r-oldrel-macos-x86_64, r-oldrel-windows-x86_64
Version: 0.0.1
Check: for GNU extensions in Makefiles
Result: NOTE
GNU make is a SystemRequirements.
Flavors: r-oldrel-macos-arm64, r-oldrel-macos-x86_64, r-oldrel-windows-x86_64