Last updated on 2025-07-20 04:51:07 CEST.
Flavor | Version | Tinstall | Tcheck | Ttotal | Status | Flags |
---|---|---|---|---|---|---|
r-devel-linux-x86_64-debian-clang | 0.2.1 | 3.28 | 33.01 | 36.29 | NOTE | |
r-devel-linux-x86_64-debian-gcc | 0.2.1 | 2.21 | 26.24 | 28.45 | NOTE | |
r-devel-linux-x86_64-fedora-clang | 0.2.1 | 57.64 | NOTE | |||
r-devel-linux-x86_64-fedora-gcc | 0.2.1 | 51.72 | NOTE | |||
r-devel-windows-x86_64 | 0.2.1 | 5.00 | 51.00 | 56.00 | NOTE | |
r-patched-linux-x86_64 | 0.2.1 | 3.32 | 29.60 | 32.92 | NOTE | |
r-release-linux-x86_64 | 0.2.1 | 3.22 | 30.05 | 33.27 | NOTE | |
r-release-macos-arm64 | 0.2.1 | 23.00 | NOTE | |||
r-release-macos-x86_64 | 0.2.1 | 46.00 | OK | |||
r-release-windows-x86_64 | 0.2.1 | 5.00 | 49.00 | 54.00 | NOTE | |
r-oldrel-macos-arm64 | 0.2.1 | 22.00 | OK | |||
r-oldrel-macos-x86_64 | 0.2.1 | 29.00 | OK | |||
r-oldrel-windows-x86_64 | 0.2.1 | 5.00 | 58.00 | 63.00 | OK |
Version: 0.2.1
Check: DESCRIPTION meta-information
Result: NOTE
Missing dependency on R >= 4.1.0 because package code uses the pipe
|> or function shorthand \(...) syntax added in R 4.1.0.
File(s) using such syntax:
‘activate.Rd’
Flavors: r-devel-linux-x86_64-debian-clang, r-devel-linux-x86_64-debian-gcc, r-devel-linux-x86_64-fedora-clang, r-devel-linux-x86_64-fedora-gcc, r-devel-windows-x86_64, r-patched-linux-x86_64, r-release-linux-x86_64, r-release-macos-arm64, r-release-windows-x86_64